{"id":20,"date":"2026-01-17T19:20:19","date_gmt":"2026-01-17T19:20:19","guid":{"rendered":"https:\/\/ts101127.web37.zoner.fi\/experience-the-healing-power-of-heat-therapy\/"},"modified":"2026-03-13T21:14:51","modified_gmt":"2026-03-13T21:14:51","slug":"saunat","status":"publish","type":"page","link":"https:\/\/saunaavanto.com\/?page_id=20","title":{"rendered":"Tutustu saunoihin"},"content":{"rendered":"\n<p>Tutustu saunoihimme ja avantopaikkaan rauhassa ennen saapumista. K\u00e4yt\u00f6ss\u00e4 on useita erityyppisi\u00e4 saunoja ja hyvin hoidettu avanto, jotka tarjoavat aidon saunael\u00e4myksen ymp\u00e4ri vuoden. Sivulta l\u00f6yd\u00e4t my\u00f6s kuvauksen muista tiloista ja k\u00e4yt\u00e4nn\u00f6ist\u00e4.<\/p>\n\n\n\n<!--more-->\n\n\n\n<h3 class=\"wp-block-heading\"><strong>Kuorkkisauna&nbsp;<\/strong><\/h3>\n\n\n\n<ul class=\"wp-block-list\">\n<li>Iso sauna, yl\u00e4lauteille mahtuu noin 22\u201326 henke\u00e4<\/li>\n\n\n\n<li>Lauteet kolmessa tasossa + lattiatason penkki<\/li>\n\n\n\n<li>Puul\u00e4mmitteinen<\/li>\n\n\n\n<li><strong>200 \u20ac \/ tunti<\/strong><\/li>\n<\/ul>\n\n\n\n<br>\n\n\n\n<figure class=\"wp-block-image size-full\"><img loading=\"lazy\" decoding=\"async\" width=\"1000\" height=\"563\" src=\"https:\/\/saunaavanto.com\/wp-content\/uploads\/2026\/03\/rekka.jpg\" alt=\"\" class=\"wp-image-167\" srcset=\"https:\/\/saunaavanto.com\/wp-content\/uploads\/2026\/03\/rekka.jpg 1000w, https:\/\/saunaavanto.com\/wp-content\/uploads\/2026\/03\/rekka-300x169.jpg 300w, https:\/\/saunaavanto.com\/wp-content\/uploads\/2026\/03\/rekka-768x432.jpg 768w\" sizes=\"auto, (max-width: 1000px) 100vw, 1000px\" \/><\/figure>\n\n\n\n\n\n<h3 class=\"wp-block-heading\"><strong>K\u00e4rrysauna&nbsp;<\/strong><\/h3>\n\n\n\n<ul class=\"wp-block-list\">\n<li>Kuuma sauna, lauteille noin 10\u201312 henke\u00e4<\/li>\n\n\n\n<li>Lauteet kahdessa tasossa<\/li>\n\n\n\n<li>Lattiatasossa \u201cHannun penkki\u201d<\/li>\n\n\n\n<li>Puul\u00e4mmiteinen<\/li>\n\n\n\n<li><strong>100 \u20ac \/ tunti<\/strong><\/li>\n<\/ul>\n\n\n\n<br>\n\n\n\n<figure class=\"wp-block-image size-full\"><img loading=\"lazy\" decoding=\"async\" width=\"1000\" height=\"596\" src=\"https:\/\/saunaavanto.com\/wp-content\/uploads\/2026\/03\/harvia.jpg\" alt=\"\" class=\"wp-image-169\" srcset=\"https:\/\/saunaavanto.com\/wp-content\/uploads\/2026\/03\/harvia.jpg 1000w, https:\/\/saunaavanto.com\/wp-content\/uploads\/2026\/03\/harvia-300x179.jpg 300w, https:\/\/saunaavanto.com\/wp-content\/uploads\/2026\/03\/harvia-768x458.jpg 768w\" sizes=\"auto, (max-width: 1000px) 100vw, 1000px\" \/><\/figure>\n\n\n\n<h3 class=\"wp-block-heading\"><strong>Lauttasauna&nbsp;<\/strong><\/h3>\n\n\n\n<ul class=\"wp-block-list\">\n<li>Noin kolme metri\u00e4 korkea, yl\u00e4lauteille mahtuu noin 12\u201314 henke\u00e4<\/li>\n\n\n\n<li>Lauteet kolmessa tasossa, jalat reilusti kiukaan yl\u00e4puolella<\/li>\n\n\n\n<li>Kes\u00e4ll\u00e4 mahdollisuus hyp\u00e4t\u00e4 katolta veteen (omalla vastuulla)<\/li>\n\n\n\n<li>Puul\u00e4mmitteinen<\/li>\n\n\n\n<li><strong>120 \u20ac \/ tunti<\/strong><\/li>\n<\/ul>\n\n\n\n<br>\n\n\n\n<figure class=\"wp-block-image size-full\"><img loading=\"lazy\" decoding=\"async\" width=\"1000\" height=\"563\" src=\"https:\/\/saunaavanto.com\/wp-content\/uploads\/2026\/03\/lauuta.jpg\" alt=\"\" class=\"wp-image-171\" srcset=\"https:\/\/saunaavanto.com\/wp-content\/uploads\/2026\/03\/lauuta.jpg 1000w, https:\/\/saunaavanto.com\/wp-content\/uploads\/2026\/03\/lauuta-300x169.jpg 300w, https:\/\/saunaavanto.com\/wp-content\/uploads\/2026\/03\/lauuta-768x432.jpg 768w\" sizes=\"auto, (max-width: 1000px) 100vw, 1000px\" \/><\/figure>\n\n\n\n<h3 class=\"wp-block-heading\"><strong>Puumajasauna<\/strong><\/h3>\n\n\n\n<ul class=\"wp-block-list\">\n<li>Pieni s\u00e4hk\u00f6sauna puumajassa<\/li>\n\n\n\n<li>Lauteille 4\u20136 henke\u00e4, lapsia enemm\u00e4n<\/li>\n\n\n\n<li>Sis\u00e4\u00e4nk\u00e4ynti lattialuukun kautta<\/li>\n\n\n\n<li>Sauna sijaitsee noin 200 m rannasta<\/li>\n\n\n\n<li><strong>60 \u20ac \/ tunti<\/strong><\/li>\n<\/ul>\n\n\n\n<br>\n\n\n\n<h3 class=\"wp-block-heading\"><strong>Saunatuvan sauna<\/strong><\/h3>\n\n\n\n<ul class=\"wp-block-list\">\n<li>Pieni puul\u00e4mmiteinen sauna<\/li>\n\n\n\n<li>Lauteille 4\u20135 henke\u00e4<\/li>\n\n\n\n<li>Sis\u00e4\u00e4nk\u00e4ynti suihkun l\u00e4pi<\/li>\n\n\n\n<li>Sauna sijaitsee noin 100 m rannasta<\/li>\n\n\n\n<li>Toimittaa vaihtokopin virkaa yleis\u00f6vuoroilla lauantaisin klo 12-18<\/li>\n\n\n\n<li><strong>Kysy hinta muina aikoina<\/strong><\/li>\n<\/ul>\n\n\n\n<br>\n\n\n\n<h3 class=\"wp-block-heading\"><strong>Liikuteltava Sisu-savusauna<\/strong><\/h3>\n\n\n\n<ul class=\"wp-block-list\">\n<li>Ainoastaan vuokrausk\u00e4yt\u00f6ss\u00e4<\/li>\n\n\n\n<li>Kysy hinta omassa paikassa<\/li>\n\n\n\n<li><strong>500 \u20ac \/ 2 tuntia<\/strong><\/li>\n<\/ul>\n\n\n\n<br>\n\n\n\n<h3 class=\"wp-block-heading\"><strong>Liikuteltava palju pukuhuoneella<\/strong><\/h3>\n\n\n\n<ul class=\"wp-block-list\">\n<li>Palju 8 hengelle<\/li>\n\n\n\n<li>Kysy hinta omassa paikassa<\/li>\n\n\n\n<li><strong>300 \u20ac<\/strong><\/li>\n<\/ul>\n\n\n\n<br>\n\n\n\n<h3 class=\"wp-block-heading\"><strong>Avanto<\/strong><\/h3>\n\n\n\n<ul class=\"wp-block-list\">\n<li>Avanto on k\u00e4yt\u00f6ss\u00e4 yleis\u00f6vuoroilla<\/li>\n\n\n\n<li>J\u00e4senille my\u00f6s aamuisin klo 7\u201310<\/li>\n\n\n\n<li>Katsothan, ett\u00e4 toinen henkil\u00f6 on paikalla menness\u00e4si avantoon<\/li>\n<\/ul>\n\n\n\n<br>\n\n\n\n<br>\n\n\n\n\n\n\n\n\n\n\n\n\n\n\n\n\n\n\n\n\n\n<p><\/p>\n","protected":false},"excerpt":{"rendered":"<p>Tutustu saunoihimme ja avantopaikkaan rauhassa ennen saapumista. K\u00e4yt\u00f6ss\u00e4 on useita erityyppisi\u00e4 saunoja ja hyvin hoidettu avanto, jotka tarjoavat aidon saunael\u00e4myksen ymp\u00e4ri vuoden. Sivulta l\u00f6yd\u00e4t my\u00f6s kuvauksen muista tiloista ja k\u00e4yt\u00e4nn\u00f6ist\u00e4.<\/p>\n","protected":false},"author":1,"featured_media":44,"parent":0,"menu_order":0,"comment_status":"closed","ping_status":"closed","template":"","meta":{"footnotes":""},"class_list":["post-20","page","type-page","status-publish","has-post-thumbnail","hentry"],"_links":{"self":[{"href":"https:\/\/saunaavanto.com\/index.php?rest_route=\/wp\/v2\/pages\/20","targetHints":{"allow":["GET"]}}],"collection":[{"href":"https:\/\/saunaavanto.com\/index.php?rest_route=\/wp\/v2\/pages"}],"about":[{"href":"https:\/\/saunaavanto.com\/index.php?rest_route=\/wp\/v2\/types\/page"}],"author":[{"embeddable":true,"href":"https:\/\/saunaavanto.com\/index.php?rest_route=\/wp\/v2\/users\/1"}],"replies":[{"embeddable":true,"href":"https:\/\/saunaavanto.com\/index.php?rest_route=%2Fwp%2Fv2%2Fcomments&post=20"}],"version-history":[{"count":17,"href":"https:\/\/saunaavanto.com\/index.php?rest_route=\/wp\/v2\/pages\/20\/revisions"}],"predecessor-version":[{"id":174,"href":"https:\/\/saunaavanto.com\/index.php?rest_route=\/wp\/v2\/pages\/20\/revisions\/174"}],"wp:featuredmedia":[{"embeddable":true,"href":"https:\/\/saunaavanto.com\/index.php?rest_route=\/wp\/v2\/media\/44"}],"wp:attachment":[{"href":"https:\/\/saunaavanto.com\/index.php?rest_route=%2Fwp%2Fv2%2Fmedia&parent=20"}],"curies":[{"name":"wp","href":"https:\/\/api.w.org\/{rel}","templated":true}]}}